, what is 1001 + 2030210?
2031211
In base 3, what is 10 + 12001002?
12001012
In base 13, what is 7b - -98?
146
In base 11, what is 1021 - -24?
1045
In base 4, what is -1 - 1101022223?
-1101022230
In base 6, what is -1 + -13142?
-13143
In base 3, what is 21 + 1111220120?
1111220211
In base 16, what is -1 - c4bf?
-c4c0
In base 8, what is -16 - 36147?
-36165
In base 6, what is -32151 - 3032?
-35223
In base 16, what is a94 - 2fc?
798
In base 16, what is -5712 - -4?
-570e
In base 15, what is 74c - bd?
67e
In base 9, what is -88 - 2411?
-2510
In base 11, what is -2a87 + 14?
-2a73
In base 16, what is -528 - 29?
-551
In base 8, what is -5 - -111652?
111645
In base 15, what is 1b595 - 4?
1b591
In base 7, what is 33325031 + 5?
33325036
In base 6, what is -1043 - 23?
-1110
In base 2, what is 10100111001000010111 + -10?
10100111001000010101
In base 2, what is -1111001010000010 + 1001?
-1111001001111001
In base 16, what is -efa15 - 1?
-efa16
In base 6, what is 4014040 + 42?
4014122
In base 10, what is 50 + 21353?
21403
In base 2, what is 0 + -1111110011111001?
-1111110011111001
In base 8, what is -236706 + -31?
-236737
In base 7, what is -2044202 + -16?
-2044221
In base 11, what is 5 - 471059?
-471054
In base 15, what is -193 - 432e?
-44c2
In base 16, what is -62e + 136?
-4f8
In base 15, what is -5 + -d0279?
-d027e
In base 6, what is -2 + -3023013?
-3023015
In base 15, what is 78 - 756?
-6cd
In base 14, what is -4 - 638d?
-6393
In base 7, what is -410415 + 5?
-410410
In base 9, what is 466641 + 2?
466643
In base 12, what is -1027 + 2?
-1025
In base 10, what is 170384 + 4?
170388
In base 16, what is -2bb3b + -2?
-2bb3d
In base 2, what is -10111000001010111 - -1010?
-10111000001001101
In base 12, what is 2 + -128a?
-1288
In base 16, what is 5da + -21?
5b9
In base 3, what is 2 - -2012012110?
2012012112
In base 11, what is -102 + -193?
-295
In base 8, what is 4 + -323621?
-323615
In base 10, what is 39 - 216?
-177
In base 4, what is 21102201 - -10?
21102211
In base 13, what is 5 + -10bb5?
-10bb0
In base 16, what is -9d2 + -4d8?
-eaa
In base 10, what is -44715 - -29?
-44686
In base 11, what is 2 + -4731?
-472a
In base 10, what is -39205 - 70?
-39275
In base 5, what is 41 - -132130?
132221
In base 8, what is 10640 - 357?
10261
In base 10, what is 2 - -165070?
165072
In base 5, what is 23123234 - -2?
23123241
In base 9, what is -5128 + 0?
-5128
In base 16, what is -4 + 315a?
3156
In base 14, what is d416 + 1?
d417
In base 8, what is -24 + -5732?
-5756
In base 12, what is -7 - 6458?
-6463
In base 9, what is 13853 + -4?
13848
In base 10, what is -50 - 205?
-255
In base 4, what is -11122002 - -330?
-11121012
In base 8, what is -5260 + -33?
-5313
In base 10, what is 357 + 35?
392
In base 4, what is 1 - -13100222?
13100223
In base 2, what is -100001010011 + 1001110?
-100000000101
In base 10, what is 10766 - 220?
10546
In base 9, what is 13 - -42?
55
In base 3, what is 101 - -10012000?
10012101
In base 2, what is 111010001000011100001 + -11?
111010001000011011110
In base 6, what is -15 + -124050?
-124105
In base 2, what is 101 + -10101000010110?
-10101000010001
In base 2, what is 1 + -1111101111?
-1111101110
In base 9, what is 416746 - 7?
416738
In base 5, what is -203323 + -122?
-204000
In base 16, what is -129 + -4?
-12d
In base 15, what is -37e + 74?
-30a
In base 2, what is 100100010110101 + -1?
100100010110100
In base 11, what is 82 - 50?
32
In base 7, what is 4 + 16103?
16110
In base 9, what is 2720 + -2243?
466
In base 15, what is -2 + 15de6?
15de4
In base 4, what is -1312321 + -30?
-1313011
In base 9, what is 618037 + 3?
618041
In base 5, what is 2413 - -2114?
10032
In base 3, what is 202101 - 21000100?
-20020222
In base 16, what is -132 + -42d?
-55f
In base 15, what is 9 + 1813?
181c
In base 6, what is 5550 - -13240?
23230
In base 14, what is -267 + b6?
-191
In base 9, what is 502803 - 1?
502802
In base 13, what is 92 - -210?
2a2
In base 8, what is -76 + 27200?
27102
In base 13, what is -5019 + -91?
-50aa
In base 10, what is -6 + -237165?
-237171
In base 14, what is -5284 - 12?
-5296
In base 7, what is -245 - 202?
-450
In base 14, what is 76 + 1a2?
238
In base 7, what is -3 - -326306?
326303
In base 10, what is -71 + 587?
516
In base 10, what is 37057 + 56?
37113
In base 8, what is -37 - 126215?
-126254
In base 15, what is -d6a0a + 0?
-d6a0a
In base 2, what is -111 - 1111100110111?
-1111100111110
In base 14, what is -c - 35b?
-369
In base 13, what is 1022c + -2?
1022a
In base 16, what is -1 - -152b5?
152b4
In base 4, what is -31220 - 12?
-31232
In base 15, what is 67b - 0?
67b
In base 12, what is 414a + 183?
4311
In base 12, what is -1b5b864 - -3?
-1b5b861
In base 9, what is 1325801 - -1?
1325802
In base 7, what is -160165 + -4?
-160202
In base 9, what is -1418 + 176?
-1232
In base 8, what is 15165 + 142?
15327
In base 16, what is e - 762d?
-761f
In base 13, what is 36 - 530?
-4c7
In base 9, what is 5 - -56320?
56325
In base 12, what is -22452 - 4?
-22456
In base 16, what is e4ff + 1?
e500
In base 13, what is -89a - -3c?
-85b
In base 7, what is -40 - -3112?
3042
In base 3, what is 1112110 + -2121?
1102212
In base 15, what is -30 + 2967?
2937
In base 12, what is 585a67 - -3?
585a6a
In base 10, what is -11894 + -29?
-11923
In base 4, what is -212 - 220222?
-221100
In base 7, what is 531 + 625?
1456
In base 4, what is 2 - 10321113?
-10321111
In base 11, what is -4 - -41635?
41631
In base 9, what is -1405 - 5?
-1411
In base 4, what is -11000211 - -10?
-11000201
In base 16, what is -bdd + -5?
-be2
In base 6, what is 5414204 - 23?
5414141
In base 5, what is -13041 - 3143?
-21234
In base 9, what is 450842 + -4?
450837
In base 14, what is -b - 22d4?
-2301
In base 13, what is -11b + -283a?
-2958
In base 12, what is -7744 + -b?
-7753
In base 13, what is 571a0 + -2?
5719b
In base 9, what is 10465 - -17?
10483
In base 14, what is -3 - -b067?
b064
In base 10, what is -3 + 72613?
72610
In base 10, what is 45 + 409?
454
In base 13, what is -62 + 837?
7a5
In base 2, what is 101 - -1001001110111011?
1001001111000000
In base 10, what is -45458 - -6?
-45452
In base 13, what is 5 - -124c2b?
124c33
In base 14, what is -1 + -5a4aa?
-5a4ab
In base 4, what is 10123323313 - 1?
10123323312
In base 13, what is 1c0c - 13?
1bc9
In base 4, what is 11 + 2220121020?
2220121031
In base 6, what is 243433 + 1?
243434
In base 14, what is 1 + 83bca?
83bcb
In base 8, what is 23 - 15226?
-15203
In base 15, what is 0 - 3be3?
-3be3
In base 8, what is -3 + -2127321?
-2127324
In base 5, what is 10143413 - -43?
10144011
In base 12, what is 646 + -29?
619
In base 16, what is -2 + -3f3e?
-3f40
In base 7, what is 1411 - 563?
515
In base 6, what is -2 + 441?
435
In base 9, what is -326441 - 0?
-326441
In base 6, what is 143 - -24?
211
In base 9, what is 24145 + 44?
24200
In base 16, what is -3 - 92ae?
-92b1
In base 16, what is e29 - 10a?
d1f
In base 7, what is -4 - -1356303?
1356266
In base 10, what is 3817 + -3?
3814
In base 6, what is -25 + 11242?
11213
In base 4, what is 12323 - 2?
12321
In base 12, what is 13a84a + 5?
13a853
In base 9, what is 3781 + -553?
3227
In base 7, what is 25 - -341233?
341261
In base 16, what is -70 + 32?
-3e
In base 8, what is 1510401 + -3?
1510376
In base 3, what is -2 - 1000222102?
-1000222111
In base 11, what is 1 + 34644?
34645
In base 7, what is 30 + -1316443?
-1316413
In base 8, what is 62 + -3230?
-3146
In base 3, what is 11211121 - 200?
11210221
In base 3, what is 202 + 220001012?
220001221
In base 16, what is 7f + 203f?
20be
In base 2, what is 1 - 1000110100101?
-1000110100100
In base 15, what is -5b9e + 13?
-5b8b
In base 11, what is -a61230 + 4?
-a61227
In base 9, what is 528 - -566?
1205
In base 12, what is 1166 - -372?
1518
In base 13, what is -4854 - -3b?
-4816
In base 2, what is -10010000010010110 - -100?
-10010000010010010
In base 12, what is 1 - -358b?
3590
In base 7, what is 16115 - 1014?
15101
In base 10, what is -2468 + -5?
-2473
In base 14, what is 2cd - -168?
457
In base 15, what is -157c0 - 1?
-157c1
In base 13, what is -8a + -51?
-10b
In base 13, what is 1aa34b + 5?
1aa353
In base 8, what is -20177 + 1?
-20176
In base 12, what is -2 - -28126?
28124
In base 13, what is 5338 - 37?
5301
In base 14, what is -c9d4 + -2?
-c9d6
In base 16, what is 2 + -b5a?
